. Let n = -85 + 79. Let k be d/n*30/35. Calculate the highest common divisor of 2 and k.
2
Let w be ((-114)/9 + 3)*(11 + -14). What is the greatest common divisor of 29 and w?
29
Suppose -3*m + d = -3*d - 392, 15 = -3*d. What is the greatest common divisor of m and 806?
62
Let a(r) = 3*r**3 - 31*r**2 + 15*r - 23. Let j = -69 + 79. Let c be a(j). Calculate the greatest common factor of 135 and c.
27
Let l(c) = c + 8. Let w be l(-4). Let r be (-3)/1*(-4)/w. Suppose -r*q - 4 = -46. What is the highest common factor of q and 98?
14
Suppose z - 4 = -k, -3*k - z + 2 = -16. Let r be 2/6 + 10/6. Suppose 3*d - 46 = 4*w, -r*d - 4*w = -k*w - 32. What is the greatest common factor of d and 25?
5
Suppose -5*t + 4*q + 115 = 0, 0 = -35*t + 32*t + 5*q + 56. Let j be (-13 - -1)*(-99)/4. Calculate the greatest common factor of t and j.
27
Suppose -2 - 52 = -z. Let g = z + -4. Suppose -c + g = -55. Calculate the greatest common divisor of 15 and c.
15
Suppose 0 = -5*q + 5 + 120. Let b(r) = 151*r**2. Let p be b(-2). Suppose 5*t + p - 1729 = 0. What is the greatest common factor of q and t?
25
Suppose -8 - 10 = -2*w. Suppose -4*p - w*p + 728 = 0. Suppose 21 = 4*i - 35. Calculate the highest common factor of p and i.
14
Suppose -166*b - 501 = -3987 - 2490. Let t be 179/4 + 2/8. What is the highest common divisor of t and b?
9
Let g(r) = -r**2 - 2*r - 2. Let w be g(-4). Let x(f) = 2*f + 2. Let j be x(11). Let n = j + w. Calculate the greatest common divisor of 140 and n.
14
Let v(o) = o**2 + 7*o - 2. Let p be v(-8). Let u be 64/3 - (-4)/p. Let r be 1/2*-8*(-4)/8. Calculate the greatest common factor of r and u.
2
Suppose 0*x = -n + x + 13, n - 3*x = 23. Let b be (n/(-10))/4 - 881/(-5). What is the highest common factor of 22 and b?
22
Let g = 403 - 131. What is the highest common factor of g and 204?
68
Let u = 439 + -433. What is the highest common factor of 57 and u?
3
Let z be ((-65)/20 - -1)*-4. Suppose 0 = -12*o + 2*o + 180. What is the greatest common divisor of z and o?
9
Let y = -69 - -74. Suppose 1 + 0 = l. Calculate the greatest common factor of y and l.
1
Suppose 1 = o - 2*g, -5*g + 7 = -3. Let t(d) = 3*d**2 - 6*d. Let y be t(o). What is the highest common divisor of 5 and y?
5
Let s = 1139 + -1095. What is the highest common factor of s and 176?
44
Suppose 4*l = -3*l - 42. Let t(v) = -12*v - 4. Let x be t(l). What is the highest common factor of 17 and x?
17
Suppose 0 = 2*d - 34*d + 8832. What is the greatest common factor of d and 48?
12
Suppose 0 = -5*o + 4*o. Suppose 5*w + o = -45. Let y = w - -20. Calculate the highest common divisor of y and 99.
11
Let b(q) = 4*q - 16. Let o be b(13). Let s = -31 + o. What is the greatest common factor of 95 and s?
5
Let f = 167 - 113. Let i(k) = -71 + 3*k**2 + k + f - 3*k. Let w be i(5). Calculate the highest common factor of 32 and w.
16
Suppose -4 = 6*k - 28. Suppose 4*i = -h - k, -3*h + 4*i + 0 = -4. Let a be 264/8 + 2 + h. What is the greatest common divisor of 7 and a?
7
Let i = 26 - 25. Let n be (2 - 0)/(i/4). Calculate the greatest common divisor of n and 12.
4
Let i(h) = 3*h**2 + 29*h + 55. Let s be i(-8). Calculate the highest common factor of s and 205.
5
Suppose 352 + 44 = 3*f. Let t be 2/13 - (6/39 + -1). Suppose -t + 49 = 4*n. Calculate the greatest common divisor of n and f.
12
Let o(n) = n**2 + 4*n - 7. Let b be o(-5). Let s be ((-61)/(-2) - b)*8. Let x be s/28 - 4/14. Calculate the highest common divisor of 81 and x.
9
Suppose 6*f - 399 = -69. Suppose 3*a - 49 = -5*x, 0 = 5*x - 3*a + 8*a - f. What is the greatest common factor of x and 8?
8
Let r be (13/(637/(-42)))/(2/(-5012)). What is the greatest common divisor of 12 and r?
12
Suppose 285 = 5*f - 3*n, -55 = -f + 2*n - n. Calculate the greatest common divisor of 36 and f.
12
Suppose 3*s + 281 + 22 = 5*z, 2 = -2*s. Calculate the highest common divisor of z and 750.
30
Let v be 20/2 + -1 + 1. Let r(p) = -p**3 + 13*p**2 - 13*p + 16. Let u be r(10). Suppose 5*x - 64 = u. Calculate the highest common divisor of x and v.
10
Suppose -2*z = 2*z + 12, -4*v = 2*z - 2. Suppose -4*c - 3*q + 2 = 0, 3*c - v - 6 = q. Suppose 7*h = c*h + 25. What is the greatest common factor of h and 5?
5
Let h = 507 - 298. Let v = -474 + 493. Calculate the highest common factor of v and h.
19
Let f(i) = i**2 - 5*i + 1. Let b(q) = q**2 + q. Let m(h) = 3*b(h) + f(h). Let z be m(4). Let c = z + -22. Calculate the highest common factor of c and 14.
7
Let k = -75 - -141. Calculate the highest common divisor of k and 33.
33
Suppose 0*w = -w + 42. Let h(x) be the third derivative of -x**6/120 + x**5/6 + x**3 + 4*x**2. Let s be h(10). What is the greatest common divisor of w and s?
6
Suppose 3*g - 4*g - 1 = 0. Let j be 1 + 0 - g*(-6)/(-2). Suppose 0 = m + m + 2, 4*v + 4*m - 76 = 0. What is the highest common divisor of j and v?
4
Suppose 0*z + 3*z = 0. Let n be (z + (-15)/6)*-16. Let u = 25 - 15. Calculate the highest common divisor of u and n.
10
Suppose 2*k - 406 = -4*g, 3*k = -2*g - 195 + 388. Calculate the highest common divisor of g and 533.
13
Let j = -136 + 266. Suppose -5*v = 35 - j. Let s be (164/12 - 4 - -3)*3. Calculate the greatest common divisor of v and s.
19
Let w be 16 + 0*(1 - 0). Let s be (-16)/(-7 - -3) + 12. What is the highest common factor of s and w?
16
Suppose -82 - 1322 = -d. What is the greatest common divisor of 13 and d?
13
Let r(t) = t**3 + 5*t**2 + t - 8. Let a be r(-4). Suppose l + 5 = 0, l = i - a*l - 52. Calculate the greatest common factor of 135 and i.
27
Let h(d) = 3*d**3 + d**2 + d + 3. Let f be h(3). Let l = -337 - -196. Let k = l - -205. What is the greatest common divisor of k and f?
32
Let w be (11/(-4) - -2)*(-106 + 2). What is the greatest common factor of 60 and w?
6
Let a = 11 + 3. Suppose -13*s - 420 = -19*s. Calculate the greatest common factor of s and a.
14
Suppose 0*m + 4*m - 92 = 0. Suppose -5*j + m = 3. Suppose -f - 5*v + 241 = f, -3*f - j*v + 372 = 0. What is the highest common factor of f and 16?
16
Suppose -298*h + 56 = -284*h. What is the greatest common factor of h and 52?
4
Let d be 2/(-8) - (-117)/36. Let l = 6 - d. Let o be l/(-9) + (-58)/(-3). Calculate the highest common factor of 76 and o.
19
Let f be (-8)/(-4) - (1 - 4). Suppose m = 4*b + 151 - 1424, 3*b - f*m - 942 = 0. Calculate the highest common divisor of 11 and b.
11
Let n = 40 - 38. Suppose -f - 7 = -6*f + 4*x, -3*f = n*x - 13. What is the greatest common factor of 9 and f?
3
Let x be (-3)/(-8)*4 + (-268)/(-8). Let l be 3 - (-16)/6*135/20. Calculate the greatest common divisor of x and l.
7
Suppose -48*c + 33 = -207. Suppose 0*q = -5*q + 50. Calculate the highest common divisor of q and c.
5
Let t be 1*(-6 + 3) + (-2 - -5). Let v be 8 - 12 - (t + -16). Calculate the greatest common divisor of v and 84.
12
Let s = 12 - -1. Suppose -s = -3*h + 92. Suppose 11*k - 42 = 5*k. Calculate the greatest common divisor of k and h.
7
Let i be (-5)/30 - ((-47)/(-6) - 1). Let x be (-9)/i + 2/(-7). Calculate the highest common divisor of x and 3.
1
Suppose 0 = 3*n + 5*g - 715, -4*g + 0*g + 236 = n. What is the highest common divisor of 96 and n?
48
Suppose p = 5*a - 1076, -632 = -3*a + 38*p - 34*p. What is the greatest common factor of 60 and a?
12
Let u(m) be the third derivative of -5*m**4/4 - 2*m**2. Let y be u(-4). Suppose -2*w - w + y = 0. What is the highest common factor of 100 and w?
20
Let s be (5 + 2)/(-28)*-32. Calculate the greatest common divisor of 24 and s.
8
Let j(b) = 20 + 26*b + 22*b - 50*b - 3. Let c be j(6). Let a(q) = -q**2 + 30. Let z be a(0). Calculate the highest common divisor of c and z.
5
Let a be (126/35)/(4/20). Calculate the highest common factor of a and 36.
18
Let i = 318 - 192. What is the highest common divisor of i and 18?
18
Let y(w) = 22*w**2 - 32*w + 30. Let k be y(1). Calculate the greatest common factor of k and 710.
10
Suppose 0*l = -g - 3*l + 21, -3*l + 15 = 0. Let q be 33/(-11)*8/g. Let n(m) = 3*m**2 + 2*m. Let t be n(q). Calculate the greatest common factor of t and 5.
5
Let y = -8 + 22. Let i = 74 + -32. What is the highest common factor of y and i?
14
Let u = -1536 - -1552. What is the greatest common factor of u and 264?
8
Let n(s) = -s**3 + s**2 + 2*s - 1. Let m be 3 + -1 - (0 + 0). Let q be n(m). Let d be (-22)/(-8)*q*-28. Calcu